{"id":156,"date":"2022-05-02T14:58:36","date_gmt":"2022-05-02T14:58:36","guid":{"rendered":"https:\/\/awlog.de\/wordpress\/?page_id=156"},"modified":"2025-09-19T15:08:15","modified_gmt":"2025-09-19T15:08:15","slug":"impressum","status":"publish","type":"page","link":"https:\/\/awlog.de\/?page_id=156","title":{"rendered":"KONTAKT"},"content":{"rendered":"\n<p class=\"has-large-font-size\">KONTAKT # IMPRESSUM # BETREIBER &#8230;<\/p>\n\n\n\n<p class=\"has-large-font-size\">Ob per Post, per Telefon oder per E-Mail \u2013<br>hier finden Sie alle Kontaktdaten um mit uns in Verbindung zu treten.<\/p>\n\n\n\n<p class=\"has-large-font-size\"><\/p>\n\n\n\n<figure class=\"wp-block-image size-full\"><img loading=\"lazy\" decoding=\"async\" width=\"1500\" height=\"510\" src=\"https:\/\/awlog.de\/wp-content\/uploads\/2024\/11\/AWL_KONIMP-1.png\" alt=\"\" class=\"wp-image-754\" srcset=\"https:\/\/awlog.de\/wp-content\/uploads\/2024\/11\/AWL_KONIMP-1.png 1500w, https:\/\/awlog.de\/wp-content\/uploads\/2024\/11\/AWL_KONIMP-1-300x102.png 300w, https:\/\/awlog.de\/wp-content\/uploads\/2024\/11\/AWL_KONIMP-1-1024x348.png 1024w, https:\/\/awlog.de\/wp-content\/uploads\/2024\/11\/AWL_KONIMP-1-768x261.png 768w, https:\/\/awlog.de\/wp-content\/uploads\/2024\/11\/AWL_KONIMP-1-496x169.png 496w\" sizes=\"(max-width: 1500px) 100vw, 1500px\" \/><\/figure>\n\n\n\n<figure class=\"wp-block-image size-full is-resized\"><img loading=\"lazy\" decoding=\"async\" width=\"1654\" height=\"1654\" src=\"https:\/\/awlog.de\/wp-content\/uploads\/2025\/09\/AWL_GZEIT-1.png\" alt=\"\" class=\"wp-image-990\" style=\"width:260px;height:auto\" srcset=\"https:\/\/awlog.de\/wp-content\/uploads\/2025\/09\/AWL_GZEIT-1.png 1654w, https:\/\/awlog.de\/wp-content\/uploads\/2025\/09\/AWL_GZEIT-1-300x300.png 300w, https:\/\/awlog.de\/wp-content\/uploads\/2025\/09\/AWL_GZEIT-1-1024x1024.png 1024w, https:\/\/awlog.de\/wp-content\/uploads\/2025\/09\/AWL_GZEIT-1-150x150.png 150w, https:\/\/awlog.de\/wp-content\/uploads\/2025\/09\/AWL_GZEIT-1-768x768.png 768w, https:\/\/awlog.de\/wp-content\/uploads\/2025\/09\/AWL_GZEIT-1-1536x1536.png 1536w\" sizes=\"(max-width: 1654px) 100vw, 1654px\" \/><\/figure>\n\n\n\n<p><\/p>\n\n\n\n<p class=\"has-large-font-size\">Rechtshinweis:<br>Alle ver\u00f6ffentlichten Beitr\u00e4ge und Daten in jeglicher Form sind allesamt Eigentum des Betreibers oder angeschlossenen Vereinigungen und urheberrechtlich gesch\u00fctzt. Kopien, elektronische Nachdrucke, Vervielf\u00e4ltigung jeglicher Art sowie m\u00f6gliche Speicherung in weiteren Datenverarbeitungsanlagen sind nur nach schriftlicher Genehmigung gestattet.<\/p>\n\n\n\n<p class=\"has-large-font-size\">Haftungshinweis:<br>Trotz sorgf\u00e4ltiger, inhaltlicher Kontrolle \u00fcbernehmen wir keine Haftung f\u00fcr die Inhalte externer Links. F\u00fcr den Inhalt der verlinkten Seiten sind ausschlie\u00dflich deren Betreiber verantwortlich.<\/p>\n\n\n\n<p><em>Konzept, Design &amp; Copyright:<br>AWLOG.de<br>AndreasWegner<br>\u00a9AWLOG MMXXI<\/em>V<\/p>\n","protected":false},"excerpt":{"rendered":"<p>KONTAKT # IMPRESSUM # BETREIBER &#8230; Ob per Post, per Telefon oder per E-Mail \u2013hier finden Sie alle Kontaktdaten um mit uns in Verbindung zu &hellip;<\/p>\n","protected":false},"author":1,"featured_media":17,"parent":0,"menu_order":7,"comment_status":"closed","ping_status":"closed","template":"","meta":{"footnotes":""},"class_list":["post-156","page","type-page","status-publish","has-post-thumbnail","hentry"],"_links":{"self":[{"href":"https:\/\/awlog.de\/index.php?rest_route=\/wp\/v2\/pages\/156"}],"collection":[{"href":"https:\/\/awlog.de\/index.php?rest_route=\/wp\/v2\/pages"}],"about":[{"href":"https:\/\/awlog.de\/index.php?rest_route=\/wp\/v2\/types\/page"}],"author":[{"embeddable":true,"href":"https:\/\/awlog.de\/index.php?rest_route=\/wp\/v2\/users\/1"}],"replies":[{"embeddable":true,"href":"https:\/\/awlog.de\/index.php?rest_route=%2Fwp%2Fv2%2Fcomments&post=156"}],"version-history":[{"count":24,"href":"https:\/\/awlog.de\/index.php?rest_route=\/wp\/v2\/pages\/156\/revisions"}],"predecessor-version":[{"id":991,"href":"https:\/\/awlog.de\/index.php?rest_route=\/wp\/v2\/pages\/156\/revisions\/991"}],"wp:featuredmedia":[{"embeddable":true,"href":"https:\/\/awlog.de\/index.php?rest_route=\/wp\/v2\/media\/17"}],"wp:attachment":[{"href":"https:\/\/awlog.de\/index.php?rest_route=%2Fwp%2Fv2%2Fmedia&parent=156"}],"curies":[{"name":"wp","href":"https:\/\/api.w.org\/{rel}","templated":true}]}}